{"version":"1.0","provider_name":"Ifevet International - Alemania","provider_url":"https:\/\/ifevet.com\/de","title":"Notfallmanagement bei einem Patienten mit Trachealkollaps - Ifevet International - Alemania","type":"rich","width":600,"height":338,"html":"<blockquote class=\"wp-embedded-content\" data-secret=\"l4QcywjPnW\"><a href=\"https:\/\/ifevet.com\/de\/notfallmanagement-bei-einem-patienten-mit-trachealkollaps\/\">Notfallmanagement bei einem Patienten mit Trachealkollaps<\/a><\/blockquote><iframe sandbox=\"allow-scripts\" security=\"restricted\" src=\"https:\/\/ifevet.com\/de\/notfallmanagement-bei-einem-patienten-mit-trachealkollaps\/embed\/#?secret=l4QcywjPnW\" width=\"600\" height=\"338\" title=\"\u00abNotfallmanagement bei einem Patienten mit Trachealkollaps\u00bb \u2014 Ifevet International - Alemania\" data-secret=\"l4QcywjPnW\" frameborder=\"0\" marginwidth=\"0\" marginheight=\"0\" scrolling=\"no\" class=\"wp-embedded-content\"><\/iframe><script>\n\/*! This file is auto-generated *\/\n!function(d,l){\"use strict\";l.querySelector&&d.addEventListener&&\"undefined\"!=typeof URL&&(d.wp=d.wp||{},d.wp.receiveEmbedMessage||(d.wp.receiveEmbedMessage=function(e){var t=e.data;if((t||t.secret||t.message||t.value)&&!\/[^a-zA-Z0-9]\/.test(t.secret)){for(var s,r,n,a=l.querySelectorAll('iframe[data-secret=\"'+t.secret+'\"]'),o=l.querySelectorAll('blockquote[data-secret=\"'+t.secret+'\"]'),c=new RegExp(\"^https?:$\",\"i\"),i=0;i<o.length;i++)o[i].style.display=\"none\";for(i=0;i<a.length;i++)s=a[i],e.source===s.contentWindow&&(s.removeAttribute(\"style\"),\"height\"===t.message?(1e3<(r=parseInt(t.value,10))?r=1e3:~~r<200&&(r=200),s.height=r):\"link\"===t.message&&(r=new URL(s.getAttribute(\"src\")),n=new URL(t.value),c.test(n.protocol))&&n.host===r.host&&l.activeElement===s&&(d.top.location.href=t.value))}},d.addEventListener(\"message\",d.wp.receiveEmbedMessage,!1),l.addEventListener(\"DOMContentLoaded\",function(){for(var e,t,s=l.querySelectorAll(\"iframe.wp-embedded-content\"),r=0;r<s.length;r++)(t=(e=s[r]).getAttribute(\"data-secret\"))||(t=Math.random().toString(36).substring(2,12),e.src+=\"#?secret=\"+t,e.setAttribute(\"data-secret\",t)),e.contentWindow.postMessage({message:\"ready\",secret:t},\"*\")},!1)))}(window,document);\n\/\/# sourceURL=https:\/\/ifevet.com\/de\/wp-includes\/js\/wp-embed.min.js\n<\/script>\n","thumbnail_url":"https:\/\/ifevet.com\/de\/wp-content\/uploads\/sites\/19\/2023\/07\/colpaso-traqueal.jpg","thumbnail_width":1000,"thumbnail_height":667,"description":"Einf\u00fchrung Der Trachealkollaps tritt h\u00e4ufig bei kleinen Hunderassen auf. Sowohl der intra- als auch der extrathorakale Anteil k\u00f6nnen betroffen sein, wobei sich die Ver\u00e4nderung auch auf den Hauptbronchus ausdehnen kann. Die \u00c4tiologie liegt in einer Defizienz der Knorpelmatrix, die zu einem Kollaps des Tracheallumens f\u00fchrt. Diagnose I) Klinische Zeichen: Husten, intensiver Husten nach Bewegung oder [&hellip;]"}

Einführung Der Trachealkollaps tritt häufig bei kleinen Hunderassen auf. Sowohl der intra- als auch der extrathorakale Anteil können betroffen sein, wobei sich die Veränderung auch auf den Hauptbronchus ausdehnen kann. Die Ätiologie liegt in einer Defizienz der Knorpelmatrix, die zu einem Kollaps des Tracheallumens führt. Diagnose I) Klinische Zeichen: Husten, intensiver Husten nach Bewegung oder [&hellip;]
