{"id":40367,"date":"2023-10-19T09:55:49","date_gmt":"2023-10-19T09:55:49","guid":{"rendered":"https:\/\/ifevet.com\/latam\/?page_id=40367"},"modified":"2025-01-14T16:53:19","modified_gmt":"2025-01-14T16:53:19","slug":"agradecimiento-solicita-informacion","status":"publish","type":"page","link":"https:\/\/ifevet.com\/latam\/agradecimiento-solicita-informacion\/","title":{"rendered":"Agradecimiento solicita informacion"},"content":{"rendered":"\t\t<div data-elementor-type=\"wp-page\" data-elementor-id=\"40367\" class=\"elementor elementor-40367\" data-elementor-post-type=\"page\">\n\t\t\t\t\t\t<section class=\"elementor-section elementor-top-section elementor-element elementor-element-6db8cbf9 elementor-section-boxed elementor-section-height-default elementor-section-height-default\" data-id=\"6db8cbf9\" data-element_type=\"section\">\n\t\t\t\t\t\t<div class=\"elementor-container elementor-column-gap-default\">\n\t\t\t\t\t<div class=\"elementor-column elementor-col-100 elementor-top-column elementor-element elementor-element-64cd9e4f\" data-id=\"64cd9e4f\" data-element_type=\"column\">\n\t\t\t<div class=\"elementor-widget-wrap elementor-element-populated\">\n\t\t\t\t\t\t<div class=\"elementor-element elementor-element-f2bc301 elementor-widget elementor-widget-heading\" data-id=\"f2bc301\" data-element_type=\"widget\" data-widget_type=\"heading.default\">\n\t\t\t\t<div class=\"elementor-widget-container\">\n\t\t\t\t\t<h2 class=\"elementor-heading-title elementor-size-default\">\u00a1Gracias por solicitar informaci\u00f3n!<\/h2>\t\t\t\t<\/div>\n\t\t\t\t<\/div>\n\t\t\t\t\t<\/div>\n\t\t<\/div>\n\t\t\t\t\t<\/div>\n\t\t<\/section>\n\t\t\t\t<section class=\"elementor-section elementor-top-section elementor-element elementor-element-2c1c47ea elementor-section-boxed elementor-section-height-default elementor-section-height-default\" data-id=\"2c1c47ea\" data-element_type=\"section\">\n\t\t\t\t\t\t<div class=\"elementor-container elementor-column-gap-default\">\n\t\t\t\t\t<div class=\"elementor-column elementor-col-100 elementor-top-column elementor-element elementor-element-6ae039b1\" data-id=\"6ae039b1\" data-element_type=\"column\">\n\t\t\t<div class=\"elementor-widget-wrap elementor-element-populated\">\n\t\t\t\t\t\t<div class=\"elementor-element elementor-element-6b59b75b elementor-widget elementor-widget-text-editor\" data-id=\"6b59b75b\" data-element_type=\"widget\" data-widget_type=\"text-editor.default\">\n\t\t\t\t<div class=\"elementor-widget-container\">\n\t\t\t\t\t\t\t\t\t<p>Hemos recibido correctamente tu solicitud de informaci\u00f3n. Nuestros asesores de formaci\u00f3n se pondr\u00e1n en contacto contigo<\/p>\t\t\t\t\t\t\t\t<\/div>\n\t\t\t\t<\/div>\n\t\t\t\t\t<\/div>\n\t\t<\/div>\n\t\t\t\t\t<\/div>\n\t\t<\/section>\n\t\t\t\t<section class=\"elementor-section elementor-top-section elementor-element elementor-element-7713618c elementor-section-boxed elementor-section-height-default elementor-section-height-default\" data-id=\"7713618c\" data-element_type=\"section\">\n\t\t\t\t\t\t<div class=\"elementor-container elementor-column-gap-default\">\n\t\t\t\t\t<div class=\"elementor-column elementor-col-100 elementor-top-column elementor-element elementor-element-32f246ac\" data-id=\"32f246ac\" data-element_type=\"column\">\n\t\t\t<div class=\"elementor-widget-wrap elementor-element-populated\">\n\t\t\t\t\t\t<div class=\"elementor-element elementor-element-62ceb7eb elementor-align-center elementor-widget elementor-widget-button\" data-id=\"62ceb7eb\" data-element_type=\"widget\" data-widget_type=\"button.default\">\n\t\t\t\t<div class=\"elementor-widget-container\">\n\t\t\t\t\t\t\t\t\t<div class=\"elementor-button-wrapper\">\n\t\t\t\t\t<a class=\"elementor-button elementor-button-link elementor-size-sm\" href=\"https:\/\/ifevet.com\/latam\">\n\t\t\t\t\t\t<span class=\"elementor-button-content-wrapper\">\n\t\t\t\t\t\t\t\t\t<span class=\"elementor-button-text\">Regresa al inicio<\/span>\n\t\t\t\t\t<\/span>\n\t\t\t\t\t<\/a>\n\t\t\t\t<\/div>\n\t\t\t\t\t\t\t\t<\/div>\n\t\t\t\t<\/div>\n\t\t\t\t\t<\/div>\n\t\t<\/div>\n\t\t\t\t\t<\/div>\n\t\t<\/section>\n\t\t\t\t<\/div>\n\t\t","protected":false},"excerpt":{"rendered":"<p>\u00a1Gracias por solicitar informaci\u00f3n! Hemos recibido correctamente tu solicitud de informaci\u00f3n. Nuestros asesores de formaci\u00f3n se pondr\u00e1n en contacto contigo Regresa al inicio<\/p>\n","protected":false},"author":1,"featured_media":45376,"parent":0,"menu_order":0,"comment_status":"closed","ping_status":"closed","template":"","meta":{"footnotes":""},"class_list":["post-40367","page","type-page","status-publish","has-post-thumbnail","hentry"],"yoast_head":"<!-- This site is optimized with the Yoast SEO plugin v27.1.1 - https:\/\/yoast.com\/product\/yoast-seo-wordpress\/ -->\n<title>Gracias por solicitar informaci\u00f3n | Ifevet International<\/title>\n<meta name=\"description\" content=\"Gracias por solicitar informaci\u00f3n. Nuestros asesores de formaci\u00f3n se pondr\u00e1n en contacto contigo. Ifevet International.\" \/>\n<meta name=\"robots\" content=\"index, follow, max-snippet:-1, max-image-preview:large, max-video-preview:-1\" \/>\n<link rel=\"canonical\" href=\"https:\/\/ifevet.com\/latam\/agradecimiento-solicita-informacion\/\" \/>\n<meta property=\"og:locale\" content=\"es_ES\" \/>\n<meta property=\"og:type\" content=\"article\" \/>\n<meta property=\"og:title\" content=\"Gracias por solicitar informaci\u00f3n | Ifevet International\" \/>\n<meta property=\"og:description\" content=\"Gracias por solicitar informaci\u00f3n. Nuestros asesores de formaci\u00f3n se pondr\u00e1n en contacto contigo. Ifevet International.\" \/>\n<meta property=\"og:url\" content=\"https:\/\/ifevet.com\/latam\/agradecimiento-solicita-informacion\/\" \/>\n<meta property=\"og:site_name\" content=\"Ifevet International - LATAM\" \/>\n<meta property=\"article:modified_time\" content=\"2025-01-14T16:53:19+00:00\" \/>\n<meta property=\"og:image\" content=\"https:\/\/ifevet.com\/latam\/wp-content\/uploads\/sites\/7\/2024\/09\/logo-ifevet-international.jpg\" \/>\n\t<meta property=\"og:image:width\" content=\"300\" \/>\n\t<meta property=\"og:image:height\" content=\"300\" \/>\n\t<meta property=\"og:image:type\" content=\"image\/jpeg\" \/>\n<meta name=\"twitter:card\" content=\"summary_large_image\" \/>\n<meta name=\"twitter:label1\" content=\"Tiempo de lectura\" \/>\n\t<meta name=\"twitter:data1\" content=\"1 minuto\" \/>\n<script type=\"application\/ld+json\" class=\"yoast-schema-graph\">{\"@context\":\"https:\/\/schema.org\",\"@graph\":[{\"@type\":\"WebPage\",\"@id\":\"https:\/\/ifevet.com\/latam\/agradecimiento-solicita-informacion\/\",\"url\":\"https:\/\/ifevet.com\/latam\/agradecimiento-solicita-informacion\/\",\"name\":\"Gracias por solicitar informaci\u00f3n | Ifevet International\",\"isPartOf\":{\"@id\":\"https:\/\/ifevet.com\/latam\/#website\"},\"primaryImageOfPage\":{\"@id\":\"https:\/\/ifevet.com\/latam\/agradecimiento-solicita-informacion\/#primaryimage\"},\"image\":{\"@id\":\"https:\/\/ifevet.com\/latam\/agradecimiento-solicita-informacion\/#primaryimage\"},\"thumbnailUrl\":\"https:\/\/ifevet.com\/latam\/wp-content\/uploads\/sites\/7\/2024\/09\/logo-ifevet-international.jpg\",\"datePublished\":\"2023-10-19T09:55:49+00:00\",\"dateModified\":\"2025-01-14T16:53:19+00:00\",\"description\":\"Gracias por solicitar informaci\u00f3n. Nuestros asesores de formaci\u00f3n se pondr\u00e1n en contacto contigo. Ifevet International.\",\"breadcrumb\":{\"@id\":\"https:\/\/ifevet.com\/latam\/agradecimiento-solicita-informacion\/#breadcrumb\"},\"inLanguage\":\"es\",\"potentialAction\":[{\"@type\":\"ReadAction\",\"target\":[\"https:\/\/ifevet.com\/latam\/agradecimiento-solicita-informacion\/\"]}]},{\"@type\":\"ImageObject\",\"inLanguage\":\"es\",\"@id\":\"https:\/\/ifevet.com\/latam\/agradecimiento-solicita-informacion\/#primaryimage\",\"url\":\"https:\/\/ifevet.com\/latam\/wp-content\/uploads\/sites\/7\/2024\/09\/logo-ifevet-international.jpg\",\"contentUrl\":\"https:\/\/ifevet.com\/latam\/wp-content\/uploads\/sites\/7\/2024\/09\/logo-ifevet-international.jpg\",\"width\":300,\"height\":300},{\"@type\":\"BreadcrumbList\",\"@id\":\"https:\/\/ifevet.com\/latam\/agradecimiento-solicita-informacion\/#breadcrumb\",\"itemListElement\":[{\"@type\":\"ListItem\",\"position\":1,\"name\":\"Portada\",\"item\":\"https:\/\/ifevet.com\/latam\/\"},{\"@type\":\"ListItem\",\"position\":2,\"name\":\"Agradecimiento solicita informacion\"}]},{\"@type\":\"WebSite\",\"@id\":\"https:\/\/ifevet.com\/latam\/#website\",\"url\":\"https:\/\/ifevet.com\/latam\/\",\"name\":\"Ifevet International - LATAM\",\"description\":\"Instituto Internacional de Formaci\u00f3n Veterinaria\",\"potentialAction\":[{\"@type\":\"SearchAction\",\"target\":{\"@type\":\"EntryPoint\",\"urlTemplate\":\"https:\/\/ifevet.com\/latam\/?s={search_term_string}\"},\"query-input\":{\"@type\":\"PropertyValueSpecification\",\"valueRequired\":true,\"valueName\":\"search_term_string\"}}],\"inLanguage\":\"es\"}]}<\/script>\n<!-- \/ Yoast SEO plugin. -->","yoast_head_json":{"title":"Gracias por solicitar informaci\u00f3n | Ifevet International","description":"Gracias por solicitar informaci\u00f3n. Nuestros asesores de formaci\u00f3n se pondr\u00e1n en contacto contigo. Ifevet International.","robots":{"index":"index","follow":"follow","max-snippet":"max-snippet:-1","max-image-preview":"max-image-preview:large","max-video-preview":"max-video-preview:-1"},"canonical":"https:\/\/ifevet.com\/latam\/agradecimiento-solicita-informacion\/","og_locale":"es_ES","og_type":"article","og_title":"Gracias por solicitar informaci\u00f3n | Ifevet International","og_description":"Gracias por solicitar informaci\u00f3n. Nuestros asesores de formaci\u00f3n se pondr\u00e1n en contacto contigo. Ifevet International.","og_url":"https:\/\/ifevet.com\/latam\/agradecimiento-solicita-informacion\/","og_site_name":"Ifevet International - LATAM","article_modified_time":"2025-01-14T16:53:19+00:00","og_image":[{"width":300,"height":300,"url":"https:\/\/ifevet.com\/latam\/wp-content\/uploads\/sites\/7\/2024\/09\/logo-ifevet-international.jpg","type":"image\/jpeg"}],"twitter_card":"summary_large_image","twitter_misc":{"Tiempo de lectura":"1 minuto"},"schema":{"@context":"https:\/\/schema.org","@graph":[{"@type":"WebPage","@id":"https:\/\/ifevet.com\/latam\/agradecimiento-solicita-informacion\/","url":"https:\/\/ifevet.com\/latam\/agradecimiento-solicita-informacion\/","name":"Gracias por solicitar informaci\u00f3n | Ifevet International","isPartOf":{"@id":"https:\/\/ifevet.com\/latam\/#website"},"primaryImageOfPage":{"@id":"https:\/\/ifevet.com\/latam\/agradecimiento-solicita-informacion\/#primaryimage"},"image":{"@id":"https:\/\/ifevet.com\/latam\/agradecimiento-solicita-informacion\/#primaryimage"},"thumbnailUrl":"https:\/\/ifevet.com\/latam\/wp-content\/uploads\/sites\/7\/2024\/09\/logo-ifevet-international.jpg","datePublished":"2023-10-19T09:55:49+00:00","dateModified":"2025-01-14T16:53:19+00:00","description":"Gracias por solicitar informaci\u00f3n. Nuestros asesores de formaci\u00f3n se pondr\u00e1n en contacto contigo. Ifevet International.","breadcrumb":{"@id":"https:\/\/ifevet.com\/latam\/agradecimiento-solicita-informacion\/#breadcrumb"},"inLanguage":"es","potentialAction":[{"@type":"ReadAction","target":["https:\/\/ifevet.com\/latam\/agradecimiento-solicita-informacion\/"]}]},{"@type":"ImageObject","inLanguage":"es","@id":"https:\/\/ifevet.com\/latam\/agradecimiento-solicita-informacion\/#primaryimage","url":"https:\/\/ifevet.com\/latam\/wp-content\/uploads\/sites\/7\/2024\/09\/logo-ifevet-international.jpg","contentUrl":"https:\/\/ifevet.com\/latam\/wp-content\/uploads\/sites\/7\/2024\/09\/logo-ifevet-international.jpg","width":300,"height":300},{"@type":"BreadcrumbList","@id":"https:\/\/ifevet.com\/latam\/agradecimiento-solicita-informacion\/#breadcrumb","itemListElement":[{"@type":"ListItem","position":1,"name":"Portada","item":"https:\/\/ifevet.com\/latam\/"},{"@type":"ListItem","position":2,"name":"Agradecimiento solicita informacion"}]},{"@type":"WebSite","@id":"https:\/\/ifevet.com\/latam\/#website","url":"https:\/\/ifevet.com\/latam\/","name":"Ifevet International - LATAM","description":"Instituto Internacional de Formaci\u00f3n Veterinaria","potentialAction":[{"@type":"SearchAction","target":{"@type":"EntryPoint","urlTemplate":"https:\/\/ifevet.com\/latam\/?s={search_term_string}"},"query-input":{"@type":"PropertyValueSpecification","valueRequired":true,"valueName":"search_term_string"}}],"inLanguage":"es"}]}},"_links":{"self":[{"href":"https:\/\/ifevet.com\/latam\/wp-json\/wp\/v2\/pages\/40367","targetHints":{"allow":["GET"]}}],"collection":[{"href":"https:\/\/ifevet.com\/latam\/wp-json\/wp\/v2\/pages"}],"about":[{"href":"https:\/\/ifevet.com\/latam\/wp-json\/wp\/v2\/types\/page"}],"author":[{"embeddable":true,"href":"https:\/\/ifevet.com\/latam\/wp-json\/wp\/v2\/users\/1"}],"replies":[{"embeddable":true,"href":"https:\/\/ifevet.com\/latam\/wp-json\/wp\/v2\/comments?post=40367"}],"version-history":[{"count":8,"href":"https:\/\/ifevet.com\/latam\/wp-json\/wp\/v2\/pages\/40367\/revisions"}],"predecessor-version":[{"id":41801,"href":"https:\/\/ifevet.com\/latam\/wp-json\/wp\/v2\/pages\/40367\/revisions\/41801"}],"wp:featuredmedia":[{"embeddable":true,"href":"https:\/\/ifevet.com\/latam\/wp-json\/wp\/v2\/media\/45376"}],"wp:attachment":[{"href":"https:\/\/ifevet.com\/latam\/wp-json\/wp\/v2\/media?parent=40367"}],"curies":[{"name":"wp","href":"https:\/\/api.w.org\/{rel}","templated":true}]}}